i**2 + 7*i + 6. Let j be y(-6). Calculate the greatest common divisor of 36 and j.
36
Suppose -2*x + 0*x = -468. Let p be 0 - (-1)/(3/x). Suppose -3*l - z = -p, 2 = -z + 5. What is the greatest common factor of 5 and l?
5
Let w = -90 + 48. Suppose -4*l = -6 + 14. Let c be 2 + w*l/3. Calculate the highest common factor of c and 20.
10
Suppose -3*d + 17 = 2*m, -2*m - 5*d = -0*m - 27. Calculate the greatest common divisor of 8 and m.
1
Let k = 7 + 7. Suppose 8 = -4*v, 0 = -2*h - 0*v - v + k. Calculate the highest common divisor of 56 and h.
8
Let y be 6*(3 - 7/2). Let h be 21 + (4 + y)*-1. Calculate the greatest common factor of 30 and h.
10
Let m be (1/1)/(3/27). Let p be 114/m + 4/(-6). Suppose -3*d + 0*d + 36 = 0. What is the highest common divisor of d and p?
12
Let p be (-2)/7 + 30/7. Suppose p*s - 2*s = 60. Calculate the highest common divisor of 20 and s.
10
Let n be 15 + (-2 + 0 - 1). What is the greatest common factor of n and 84?
12
Suppose 0 = 3*x - 5*v + 20, 0 = 3*x - 2*v + 4*v - 8. Suppose -5*j + 300 = 4*l, x = -l - 3*l + 5*j + 340. Calculate the highest common divisor of l and 16.
16
Let d be 3/((-3)/(-8)) - 0. Suppose -a + 444 = 5*v, -v + 420 = 4*v - 5*a. What is the highest common factor of v and d?
8
Let d(z) = 69*z**2 - 1. Let k be d(1). Let s = -26 - -2. Let h be (272/s)/((-4)/6). What is the highest common factor of k and h?
17
Let n be 1 + 0/(-5) - -41. What is the highest common divisor of 6 and n?
6
Suppose -a - 4*a = -5. Let j(f) = 9*f**2 - f + 1. Let t be j(a). Let o = 21 - t. Calculate the highest common divisor of 48 and o.
12
Suppose -2*n + 224 = 2*n - 2*p, 3*p = 0. Let c be (8/10)/(1/5). Let l be (c/(-6))/(4/(-42)). Calculate the highest common factor of l and n.
7
Let n be (-10)/3 + 3 - (-79)/3. Calculate the greatest common factor of n and 39.
13
Let r be ((-25)/(-20))/(1/4). Suppose 0*t = -r*t + 15. Suppose n - 144 = -t*n. Calculate the highest common divisor of 12 and n.
12
Suppose 4*o + 400 = 1064. Suppose 3*c + 31 - o = 0. Calculate the greatest common divisor of c and 18.
9
Suppose -9*o = o - 740. Let z = -51 + 16. Let a = z + o. Calculate the highest common divisor of 26 and a.
13
Let b = 8 - -8. Calculate the greatest common divisor of 272 and b.
16
Let p be (-3)/(-9) - (-83)/3. Calculate the greatest common divisor of 196 and p.
28
Suppose 7*v - 127 = -15. What is the highest common divisor of 80 and v?
16
Let q = 6 + 5. Let g be (-3)/(-12) - 1/4. Suppose 3*d + 52 = u, -5*u - d + 276 = -g*u. What is the highest common factor of u and q?
11
Let c be 3 - (-3 + 5)*-4. Suppose -2*l - 220 = -4*l. What is the highest common divisor of c and l?
11
Suppose -8*j + 115 = -13. What is the highest common factor of j and 8?
8
Let l = 160 + -130. What is the highest common divisor of l and 105?
15
Let n = -52 + 78. Calculate the greatest common divisor of 104 and n.
26
Let k(z) = -z**2 + 4*z + 4. Let q be k(4). Let g = -12 - -20. Let b be (117/q)/(2/g). What is the greatest common divisor of 13 and b?
13
Let v = -9 - -14. Suppose -v*q + 21 = -2*q. Calculate the highest common divisor of 35 and q.
7
Suppose i + 4*v + 2 = -7, 4*i - 5*v - 27 = 0. Let b be i/((-3)/2) + 19. What is the greatest common factor of b and 119?
17
Let y = -6 + 10. Suppose y*d - 18 = 2*q, 0 = -3*d + q + 4 + 10. Suppose d*a = -0*a + 250. Calculate the highest common factor of 20 and a.
10
Suppose u = -d + 397, 2*d - 806 = 3*u + u. Suppose 5*f - d = 2*f. Suppose 91 = 5*c + 2*v - 4*v, 2*c = 2*v + 34. What is the highest common factor of c and f?
19
Let m be (-5 + 1)/((-2)/8). Suppose -2*o + 3 - 7 = 0, 0 = -3*k + 3*o + 18. Let a(p) = p**2 - 3*p. Let w be a(k). Calculate the highest common factor of w and m.
4
Let d(y) = y**3 + 4*y**2 - 2*y. Let w be d(-4). Let k = w + -5. What is the greatest common divisor of 3 and k?
3
Suppose 0*w = 4*f - w - 60, -3*f + 3*w = -36. Let j(n) = -n**2 - 6*n + 8. Let y be j(-6). Calculate the greatest common factor of y and f.
8
Let q = 1327 + -733. Calculate the highest common divisor of q and 54.
54
Let w = 98 + 67. Suppose -4*f = -3*f - 15. Calculate the greatest common factor of f and w.
15
Suppose 0 = -4*m + 52 - 16. Calculate the highest common factor of 99 and m.
9
Let t be 1 - (28 - 4)/(-1). What is the greatest common divisor of t and 10?
5
Suppose 0 = 4*x + 5*t + 1, -3*x + 4*t = -7. Let l be (4 + x)*(-28)/(-5). Suppose 2*n - l + 4 = 0. Calculate the greatest common divisor of n and 36.
12
Let t(k) = -k**2 + 5*k + 2. Let j be t(4). Suppose -3*c - 15 = -j*c - 4*i, 5*i = -15. What is the highest common divisor of 81 and c?
9
Let v(h) = 2*h**3 + 3*h + 3 - 6*h - h**3. Let g be v(2). Suppose -x + 4*b + 32 = 0, -6*x = -4*x - 2*b - 46. What is the highest common divisor of x and g?
5
Suppose 2*y - 5 = -v, y - 5*v = -0*y + 8. What is the greatest common factor of y and 4?
1
Suppose h - 7 - 25 = -u, -5*h + 20 = 0. Calculate the greatest common factor of u and 28.
28
Let s = 100 + -148. Let i = 92 + s. What is the greatest common divisor of 11 and i?
11
Let t be (-10 + -26)*2/(-6). What is the highest common factor of t and 12?
12
Let v(n) = 2*n - 10. Let t be v(7). Let o = -13 - -37. Suppose -6*u + t*u = -o. Calculate the highest common factor of 12 and u.
12
Suppose 0*l - 28 = l. Let a = l + 42. What is the highest common factor of a and 70?
14
Let a be 12/(-9)*12/(-8). Suppose 4*k - 45 = -4*y - 5, -4*y + 20 = 0. What is the greatest common factor of k and a?
1
Suppose -t = -30 - 10. Suppose -5*r + 2*b - b + 45 = 0, -4*b - 20 = 0. Calculate the highest common divisor of t and r.
8
Suppose 8 = -4*a - 4. Let h be (-24)/27*a*18. Let y be (3 - 3)/3 + h. What is the highest common divisor of y and 32?
16
Let u be (104/(-20))/(1/(-10)). Calculate the highest common divisor of u and 13.
13
Let f be ((0 + 3)*-1)/(-1). Suppose 0 = 2*m - z + f - 0, -3*z = 4*m + 1. Let l = 9 + m. What is the highest common divisor of 40 and l?
8
Suppose 5*o - 3*z = -1, 2*z + 2*z - 4 = 4*o. Let s = -83 + 85. Let t be (s/(-4))/(o/(-136)). Calculate the greatest common divisor of 17 and t.
17
Let m be 3 + -3 + -1 + 19. Calculate the greatest common factor of m and 54.
18
Let h = 21 + 13. Calculate the highest common divisor of h and 17.
17
Let c = -6 - -8. Let m be -2*(c - 1) + 35. Calculate the greatest common factor of m and 22.
11
Let c = 12 - 9. Suppose -3*h + c*y = -0*h - 54, -4*y - 87 = -5*h. What is the highest common divisor of h and 6?
3
Suppose 5*h = -3*j + 44, -3*j - 8 = -2. Suppose 0 = 2*p - h. Suppose 2*c + 60 = p*c. What is the highest common factor of c and 2?
2
Let c be (0/(-1))/(1 + -2). Suppose 3*t + c*t = 60. What is the greatest common divisor of 60 and t?
20
Let i be 2/7 - (-66)/14. Let d = 23 + i. Calculate the greatest common factor of 42 and d.
14
Let y(q) = q + 4. Let r be y(8). Calculate the greatest common divisor of r and 8.
4
Let p be (-8)/(-6)*348/16. What is the greatest common divisor of 203 and p?
29
Let z(w) = w**3 - 9*w**2 + 8*w + 3. Let q be z(8). Let n = q - 5. Let a be (-1 - -2)*(0 - n). Calculate the highest common divisor of a and 14.
2
Let v = 43 - -2. What is the greatest common factor of 5 and v?
5
Suppose 0 = -0*f + f + 6. Let u = -5 - f. Calculate the greatest common divisor of u and 1.
1
Let n(p) = -p - 10 + 2*p + 2. Let m be n(6). Let c(i) = -9*i**3 - i**2 + 2*i + 2. Let w be c(m). Calculate the highest common factor of w and 6.
6
Suppose 0 = -5*z - 4*k + 44 + 67, -z + 3*k = -7. Let a = 262 + -129. What is the highest common factor of a and z?
19
Let t(u) = -2*u. Let c be t(2). Let p be -1 - (22 + (c - -2)). Let w be (-14 + -1)*49/p. What is the highest common divisor of w and 5?
5
Let x = 20 - 4. Calculate the highest common divisor of 24 and x.
8
Suppose -h = 3*u - 18, -2*u + 30 = 3*h + u. What is the greatest common factor of 6 and h?
6
Suppose -z + 48 + 1 = 0. Let u = z - 15. Let i = u + 32. Calculate the highest common factor of 6 and i.
6
Let v be (-25 - -3)/(2/(-4)). Let j = v + -28. Suppose -5*s + 80 = 3*p - 332, -4*p - 2*s + 568 = 0. Calculate the highest common divisor of j and p.
16
Suppose 7 = a - 16. Calculate the highest common factor of a and 23.
23
Let s = -50 + 122. Let f = -1 + 15. Suppose -26 - f = -5*l. Calculate the greatest common divisor of s and l.
8
Let k = 5 - 1. Let o(b) = b*